e factors of c?
2, 11, 29
Let n(p) = 10*p**3 + 2*p**2 - p. Let i be (-2)/13 + (-30)/(-26). Let h be n(i). Let l(v) = v**3 - 11*v**2 + 2*v - 2. List the prime factors of l(h).
2, 5
Let l be -5*(-72)/54*(-3)/(-10). Let x(z) = 0*z + 2*z - z**2 + 0*z + 3*z**3. List the prime factors of x(l).
2, 3
Suppose 16947 = 13*b - 11302. List the prime factors of b.
41, 53
Let d = 232 - -1897. List the prime factors of d.
2129
Let i = -419 - -576. List the prime factors of i.
157
Suppose -o = -5*a + 15, o - 4*a + 3 = -12. Let w(j) = j**2 + 12*j. Let v be w(o). Let f = v + -23. What are the prime factors of f?
2, 11
Suppose -16*o + 12*o + 60 = 0. Let s = o - 10. What are the prime factors of (1 - (-3 - s)) + 0?
3
Let a = -6 - -6. Let n(d) be the second derivative of -d**3/3 + 9*d**2 + 2*d. What are the prime factors of n(a)?
2, 3
Suppose 3*t - 5*t = -6. Let r be 11*4/(-2 - -4). Suppose t*q = -2*b - 5 + 23, -2*b = q - r. What are the prime factors of b?
2, 3
What are the prime factors of (99/27 - 2)*30?
2, 5
Let z = -673 + 2655. List the prime factors of z.
2, 991
Let c(r) = -63*r**3 - 2*r**2 - r - 4. Let i(v) = -188*v**3 - 7*v**2 - 2*v - 13. Let n(g) = 7*c(g) - 2*i(g). What are the prime factors of n(-1)?
2, 3, 11
Suppose -3*m = -z - 11, 0 = -5*z - 0 + 20. Suppose -m*s + 2*i = -s - 78, -3*i + 43 = 2*s. Suppose -a = -6*a + s. List the prime factors of a.
2
Suppose 9*l - 8766 = -9*l. What are the prime factors of l?
487
Let v = 55 - 45. What are the prime factors of -17*(2/1 - -2 - v)?
2, 3, 17
Let t(d) = 98*d**2 + 19*d + 69. What are the prime factors of t(-3)?
2, 3, 149
Suppose -1 = t, -t - 3*t + 26 = -5*b. List the prime factors of b/(-4) + (-147)/(-6).
2, 13
Suppose -6*q = 2*q + 48. What are the prime factors of -2 - (q/12 - (-363)/(-2))?
2, 3, 5
Let p(f) = 3*f**3 + 5*f**2 - 18*f + 10. Let u(d) = 5*d**3 + 8*d**2 - 27*d + 15. Let g(y) = -8*p(y) + 5*u(y). What are the prime factors of g(4)?
5, 19
Suppose -5*p - p = 576. Let s be 3472/p + (-1)/(-6). What are the prime factors of (s/(-45))/(2/115)?
2, 23
Let y(q) = 2*q. Let r be y(-2). Let o be 1/4 + (-15)/r. Suppose 3*b - o*b + 20 = 0. What are the prime factors of b?
2, 5
Suppose 2*l + 12 = 6*l + 5*t, 5*l = -4*t + 6. Let k(s) = -s**3 - s. Let f(j) = -9*j**3 - 2*j - 1. Let v(d) = f(d) - k(d). List the prime factors of v(l).
5, 13
Let g be (-1)/2 - 25/10. Let i = 33 - g. Suppose 2*w + 73 = 3*a, -w = -a + 2*w + i. List the prime factors of a.
3, 7
Suppose -7*y = -2*y + 3*a - 25, -5*y = 2*a - 25. Suppose 11 = -4*s - y, 4*s = z - 47. Suppose 3*d + z = 4*d. What are the prime factors of d?
31
Suppose -195 = -3*j + 3*m, 11*m = 3*j + 9*m - 196. What are the prime factors of j?
2, 3, 11
Suppose 0 = q + 3, 0*k = k + q + 76. Let z = k + 132. List the prime factors of z.
59
Suppose -99840 = -57*b + 17*b. List the prime factors of b.
2, 3, 13
Let p(q) = q + 1. Let t(a) = 3*a - 13. Let l(h) = 22*p(h) + 2*t(h). List the prime factors of l(5).
2, 17
Suppose -2*m + h - 3 = 0, -m - 4 = 2*m - h. Let x(r) = 4*r**2 + r + 1. Let b be x(m). List the prime factors of (-5)/(10/b) - -20.
2, 3
Suppose 2*g - 3505 = 4*f - 369, 3*f + 6277 = 4*g. List the prime factors of g.
2, 5, 157
Let x(u) = 65*u - 64*u - 5 + 21*u**2 + 1. What are the prime factors of x(-3)?
2, 7, 13
Suppose -5*c - 32 = -j, 3*c - 5*c = -j + 17. Let m(d) = 3 + 1 + d**2 + 6*d - j - 4*d. What are the prime factors of m(-4)?
5
Suppose 2*r + 10*s = 6*s, 4*s + 12 = r. Suppose 0 = -n - 2*n + 3*o + 618, r*o - 418 = -2*n. List the prime factors of n.
3, 23
Suppose 0 = 15*n - 8*n - 273. Suppose 2*s + 5*u = -2*s - 53, 2*u - 6 = 0. Let b = s + n. What are the prime factors of b?
2, 11
Suppose -4*x + x = 18. Let k be (x/10)/(2/(-10)). What are the prime factors of -5*(k + 21/(-5))?
2, 3
Suppose v - 4 = 1. Suppose 2*y = -2*m + 18, y - v*m = -3*m + 21. List the prime factors of (-182)/(-8) + y/52.
23
Let i(k) = 4*k. Let h(z) = 7*z. Let b(j) = 3*h(j) - 5*i(j). Let f be b(0). Suppose 4*m - 4*d - 16 = 0, 9*m - 4*m - 4*d - 21 = f. List the prime factors of m.
5
Let p(h) = -h**3 - 5*h**2 + 3*h - 16. Let b be p(-6). Let w(c) = -c + 33. Let a be w(0). Let g = a + b. List the prime factors of g.
5, 7
Suppose -q = 2*q + 27. List the prime factors of (q + 7)/((-1)/27).
2, 3
Let q(x) = x**2 - 13*x - 1. Let u be q(13). Let p be (u - -3)*5/2. Suppose p*n + 3*k = 160, 3*k - 8*k - 120 = -5*n. What are the prime factors of n?
29
Let a be (3/(-2))/((-12)/16) - -44. Suppose -2*r + a + 54 = 0. What are the prime factors of r?
2, 5
Let f = 6 + 0. Let g(i) = 4*i - i - 17 - f*i**2 + i**3 - 6*i + 9. List the prime factors of g(7).
2, 5
What are the prime factors of (-1014)/(-9) - 9/(-27)?
113
Let w = -5 - -39. Let v = w + 86. Suppose j = 4*j - v. What are the prime factors of j?
2, 5
Let l = 6 - 3. Suppose -l*f = -463 + 148. Suppose -5*g = -8*g + f. What are the prime factors of g?
5, 7
Let d be 10/8*(14 + -10). List the prime factors of (d - (6 + -2)) + 33.
2, 17
Let i be 18/18 + 6/1. Suppose -2*l + i*l = 105. What are the prime factors of l?
3, 7
Let z = 16 - 13. Suppose -5*g + 5*v - 50 = 0, 3*v = -7*g + z*g - 40. What are the prime factors of (12/4)/(-3) - g?
3
Let v(y) = -y**2 - y - 1. Let p(b) = 6*b**2 - 8*b - 1. Let q(m) = p(m) + 2*v(m). Suppose 6*s - 24 = 6. List the prime factors of q(s).
47
Suppose -4*y + 277 = -3*q, -5*q + 3*y - 192 - 277 = 0. Let r = 4 - q. List the prime factors of r.
3, 11
Suppose 75 + 25 = 2*l. Let m = l + 25. List the prime factors of m.
3, 5
Let j(w) be the second derivative of w**3/2 - 3*w**2/2 + 2*w. Suppose 7*y + 9 = 8*y. What are the prime factors of j(y)?
2, 3
Let l(w) = w**2 - 3*w - 6. Let z be l(-7). Let g = z + 33. List the prime factors of g.
97
What are the prime factors of (-17894)/(-16) - 33/88?
2, 13, 43
List the prime factors of (138/(-207))/(1/(-237)).
2, 79
Let u(k) = 90*k**3 - 3 - 238*k**3 + k + 3 + 2*k**2. Let m be u(-1). Let p = m + -104. List the prime factors of p.
3, 5
Let n(j) be the first derivative of -j**3/3 - 6*j**2 + 30*j - 9. List the prime factors of n(-13).
17
Suppose 25 = 5*k - 4*w - 35, 60 = 5*k - w. Let r be 0 - (k/(-3) + -3). Let m = 16 + r. What are the prime factors of m?
23
Let q(z) = 5*z**2 - 9*z + 1. List the prime factors of q(-4).
3, 13
Let b be ((-140)/(-175))/(2/(-5)). List the prime factors of 7/(14/(-124)*-18 + b).
7, 31
Suppose 3*n = 3*x - 6, 0*n + n + 10 = 5*x. Suppose -3*f + 68 = 2*a, -x*f - 5 = 3*a - 107. List the prime factors of a.
2, 17
Suppose -5*x + 10 = 0, 4 = -4*i + 5*x - 6. Suppose i*t + t - 226 = 2*a, -4*a = 16. What are the prime factors of t?
2, 109
Let w(u) = u**3 + 6*u**2 - 3*u - 5. Let d be w(-5). Suppose a - d = 6*a. Let j = 3 - a. What are the prime factors of j?
2, 5
Suppose -5*a + g = 4*g - 129, 4*g = -5*a + 132. Let q = a + -3. List the prime factors of q.
3, 7
Let f = 224 - 160. Let w be (f/(-20) + 0)*-5. Suppose 10*m - 14*m = -w. List the prime factors of m.
2
Let r(v) be the first derivative of -v**2/2 - 5*v - 9. Let z be 2 - 3*10/3. List the prime factors of r(z).
3
Suppose -3*r + 2*r = 0. Suppose 0*w + 255 = 5*y + 2*w, 2*w - 10 = r. List the prime factors of y.
7
Let j = -197 - -363. Let g = j - 105. What are the prime factors of g?
61
What are the prime factors of -5 - -9 - 10 - -273?
3, 89
Let m(l) = 6*l**2 + 22*l + 22. What are the prime factors of m(6)?
2, 5, 37
Let q = 876 + -278. List the prime factors of q.
2, 13, 23
What are the prime factors of 20/9 + -2 - (-12146)/18?
3, 5
Suppose u + 6 = -2*u. Let z(j) = j**3 + j**2 - 3*j - 2. Let y be z(u). Let i = 7 + y. What are the prime factors of i?
7
Let i(g) = 97*g + 1. Let f be i(2). Suppose 0 = -0*j + 3*j + f. Let n = 115 + j. List the prime factors of n.
2, 5
Suppose -10*d = -0*d - 190. Suppose -d = 2*r - 167. List the prime factors of r.
2, 37
Let v(h) = -2*h**3 - 4*h**2 - 1. Let r(k) = -k**2 + 3*k + 7. Let y be r(5). What are the prime factors of v(y)?
17
Let i(w) = -w**3 + 16*w**2 + 20*w - 17. Let l be i(17). Let p = 72 + l. What are the prime factors of p?
2, 53
List the prime factors of 798/3 + 6 - -6.
2, 139
Let u be -3 + (-5)/(-4)*4. Suppose -5*w + 1 + 11 = -3*d, -u*d + 11 = 3*w. Suppose -68 = -w*s - 8. List the prime factors of s.
2, 5
List the prime factors of 11/(22/(-6)) - -865.
2, 431
Let j(t) = -t**3 + 4*t + 2. Let g(k) = k**2 + 